{"id":1231,"date":"2023-10-30T12:36:26","date_gmt":"2023-10-30T09:36:26","guid":{"rendered":"https:\/\/hanaluminyum.com.tr\/?page_id=1231"},"modified":"2024-11-20T09:56:46","modified_gmt":"2024-11-20T06:56:46","slug":"fiyat-listesi","status":"publish","type":"page","link":"https:\/\/hanaluminyum.com.tr\/?page_id=1231","title":{"rendered":"Fiyat Listesi"},"content":{"rendered":"<div class=\"singleHeading\">\n\t<div class=\"inner\">\n\t\t<span class=\"safiricon icon\"><svg class=\"safiricon-istatistik\"><use href=\"#safiricon-istatistik\"><\/use><\/svg><\/span>\t\t<div class=\"text\">HAN Al\u00fcminyum Fiyat Listesi <\/div>\n\t<\/div>\n<\/div>\n\n\n<figure class=\"wp-block-table is-style-stripes has-small-font-size\"><table class=\"has-vivid-cyan-blue-color has-cyan-bluish-gray-background-color has-text-color has-background has-fixed-layout\"><tbody><tr><td class=\"has-text-align-left\" data-align=\"left\">TEL AL\u00dcM\u0130NYUM<\/td><td class=\"has-text-align-center\" data-align=\"center\">80,00 \/ kg<\/td><\/tr><tr><td class=\"has-text-align-left\" data-align=\"left\">LEVHA ARA\u0130\u015e AL\u00dcM\u0130NYUM<\/td><td class=\"has-text-align-center\" data-align=\"center\">74,00 \/ kg<\/td><\/tr><tr><td class=\"has-text-align-left\" data-align=\"left\">JANT AL\u00dcM\u0130NYUM<\/td><td class=\"has-text-align-center\" data-align=\"center\">77,00\/ kg<\/td><\/tr><tr><td class=\"has-text-align-left\" data-align=\"left\">Jant Al\u00fcminyum<\/td><td class=\"has-text-align-center\" data-align=\"center\">56.90 \/ kg<\/td><\/tr><tr><td class=\"has-text-align-left\" data-align=\"left\">PROF\u0130L AL\u00dcM\u0130NYUM (BOYASIZ)<\/td><td class=\"has-text-align-center\" data-align=\"center\">72,00\/ kg<\/td><\/tr><tr><td class=\"has-text-align-left\" data-align=\"left\">TAS TABAK AL\u00dcM\u0130NYUM<\/td><td class=\"has-text-align-center\" data-align=\"center\">69,00\/ kg<\/td><\/tr><tr><td class=\"has-text-align-left\" data-align=\"left\">SERT AL\u00dcM\u0130NYUM<\/td><td class=\"has-text-align-center\" data-align=\"center\">59,00 \/ kg<\/td><\/tr><tr><td class=\"has-text-align-left\" data-align=\"left\">KUTU AL\u00dcM\u0130NYUM<\/td><td class=\"has-text-align-center\" data-align=\"center\">55,00 \/ kg<\/td><\/tr><tr><td class=\"has-text-align-left\" data-align=\"left\">Al\u00fcminyum Klima Radyat\u00f6r\u00fc (Bak\u0131rl\u0131 Petek)<\/td><td class=\"has-text-align-center\" data-align=\"center\">120,00\/ kg<\/td><\/tr><tr><td class=\"has-text-align-left\" data-align=\"left\">BOYASIZ LEVHA AL\u00dcM\u0130NYUM<\/td><td class=\"has-text-align-center\" data-align=\"center\">68,00\/ kg<\/td><\/tr><tr><td class=\"has-text-align-left\" data-align=\"left\">OFSET MATBA AL\u00dcM\u0130NYUM<\/td><td class=\"has-text-align-center\" data-align=\"center\">74,00 \/ kg<\/td><\/tr><tr><td class=\"has-text-align-left\" data-align=\"left\">FOLYA AL\u00dcM\u0130NYUM<\/td><td class=\"has-text-align-center\" data-align=\"center\">65,00\/ kg<\/td><\/tr><tr><td class=\"has-text-align-left\" data-align=\"left\">AL\u00dcM\u0130NYUM SERT TALA\u015eI<\/td><td class=\"has-text-align-center\" data-align=\"center\">45,00 \/ kg<\/td><\/tr><\/tbody><\/table><\/figure>\n","protected":false},"excerpt":{"rendered":"<p>TEL AL\u00dcM\u0130NYUM 80,00 \/ kg LEVHA ARA\u0130\u015e AL\u00dcM\u0130NYUM 74,00 \/ kg JANT AL\u00dcM\u0130NYUM 77,00\/ kg Jant Al\u00fcminyum 56.90 \/ kg PROF\u0130L AL\u00dcM\u0130NYUM (BOYASIZ) 72,00\/ kg TAS TABAK AL\u00dcM\u0130NYUM 69,00\/ kg SERT AL\u00dcM\u0130NYUM 59,00 \/ kg KUTU AL\u00dcM\u0130NYUM 55,00 \/ kg Al\u00fcminyum Klima Radyat\u00f6r\u00fc (Bak\u0131rl\u0131 Petek) 120,00\/ kg BOYASIZ LEVHA AL\u00dcM\u0130NYUM 68,00\/ kg OFSET MATBA AL\u00dcM\u0130NYUM [&hellip;]<\/p>\n","protected":false},"author":1,"featured_media":9,"parent":0,"menu_order":0,"comment_status":"closed","ping_status":"closed","template":"","meta":{"iawp_total_views":47,"footnotes":""},"class_list":["post-1231","page","type-page","status-publish","has-post-thumbnail","hentry"],"yoast_head":"<!-- This site is optimized with the Yoast SEO plugin v26.3 - https:\/\/yoast.com\/wordpress\/plugins\/seo\/ -->\n<title>Fiyat Listesi - HAN Al\u00fcminyum<\/title>\n<meta name=\"robots\" content=\"index, follow, max-snippet:-1, max-image-preview:large, max-video-preview:-1\" \/>\n<link rel=\"canonical\" href=\"https:\/\/hanaluminyum.com.tr\/?page_id=1231\" \/>\n<meta property=\"og:locale\" content=\"tr_TR\" \/>\n<meta property=\"og:type\" content=\"article\" \/>\n<meta property=\"og:title\" content=\"Fiyat Listesi - HAN Al\u00fcminyum\" \/>\n<meta property=\"og:description\" content=\"TEL AL\u00dcM\u0130NYUM 80,00 \/ kg LEVHA ARA\u0130\u015e AL\u00dcM\u0130NYUM 74,00 \/ kg JANT AL\u00dcM\u0130NYUM 77,00\/ kg Jant Al\u00fcminyum 56.90 \/ kg PROF\u0130L AL\u00dcM\u0130NYUM (BOYASIZ) 72,00\/ kg TAS TABAK AL\u00dcM\u0130NYUM 69,00\/ kg SERT AL\u00dcM\u0130NYUM 59,00 \/ kg KUTU AL\u00dcM\u0130NYUM 55,00 \/ kg Al\u00fcminyum Klima Radyat\u00f6r\u00fc (Bak\u0131rl\u0131 Petek) 120,00\/ kg BOYASIZ LEVHA AL\u00dcM\u0130NYUM 68,00\/ kg OFSET MATBA AL\u00dcM\u0130NYUM [&hellip;]\" \/>\n<meta property=\"og:url\" content=\"https:\/\/hanaluminyum.com.tr\/?page_id=1231\" \/>\n<meta property=\"og:site_name\" content=\"HAN Al\u00fcminyum\" \/>\n<meta property=\"article:publisher\" content=\"https:\/\/www.facebook.com\/profile.php?id=61551691815223\" \/>\n<meta property=\"article:modified_time\" content=\"2024-11-20T06:56:46+00:00\" \/>\n<meta property=\"og:image\" content=\"https:\/\/hanaluminyum.com.tr\/wp-content\/uploads\/2023\/06\/aboutimage.jpg\" \/>\n\t<meta property=\"og:image:width\" content=\"800\" \/>\n\t<meta property=\"og:image:height\" content=\"800\" \/>\n\t<meta property=\"og:image:type\" content=\"image\/jpeg\" \/>\n<meta name=\"twitter:card\" content=\"summary_large_image\" \/>\n<meta name=\"twitter:label1\" content=\"Tahmini okuma s\u00fcresi\" \/>\n\t<meta name=\"twitter:data1\" content=\"1 dakika\" \/>\n<script type=\"application\/ld+json\" class=\"yoast-schema-graph\">{\"@context\":\"https:\/\/schema.org\",\"@graph\":[{\"@type\":\"WebPage\",\"@id\":\"https:\/\/hanaluminyum.com.tr\/?page_id=1231\",\"url\":\"https:\/\/hanaluminyum.com.tr\/?page_id=1231\",\"name\":\"Fiyat Listesi - HAN Al\u00fcminyum\",\"isPartOf\":{\"@id\":\"https:\/\/hanaluminyum.com.tr\/#website\"},\"primaryImageOfPage\":{\"@id\":\"https:\/\/hanaluminyum.com.tr\/?page_id=1231#primaryimage\"},\"image\":{\"@id\":\"https:\/\/hanaluminyum.com.tr\/?page_id=1231#primaryimage\"},\"thumbnailUrl\":\"https:\/\/hanaluminyum.com.tr\/wp-content\/uploads\/2023\/06\/aboutimage.jpg\",\"datePublished\":\"2023-10-30T09:36:26+00:00\",\"dateModified\":\"2024-11-20T06:56:46+00:00\",\"breadcrumb\":{\"@id\":\"https:\/\/hanaluminyum.com.tr\/?page_id=1231#breadcrumb\"},\"inLanguage\":\"tr\",\"potentialAction\":[{\"@type\":\"ReadAction\",\"target\":[\"https:\/\/hanaluminyum.com.tr\/?page_id=1231\"]}]},{\"@type\":\"ImageObject\",\"inLanguage\":\"tr\",\"@id\":\"https:\/\/hanaluminyum.com.tr\/?page_id=1231#primaryimage\",\"url\":\"https:\/\/hanaluminyum.com.tr\/wp-content\/uploads\/2023\/06\/aboutimage.jpg\",\"contentUrl\":\"https:\/\/hanaluminyum.com.tr\/wp-content\/uploads\/2023\/06\/aboutimage.jpg\",\"width\":800,\"height\":800},{\"@type\":\"BreadcrumbList\",\"@id\":\"https:\/\/hanaluminyum.com.tr\/?page_id=1231#breadcrumb\",\"itemListElement\":[{\"@type\":\"ListItem\",\"position\":1,\"name\":\"Anasayfa\",\"item\":\"https:\/\/hanaluminyum.com.tr\/\"},{\"@type\":\"ListItem\",\"position\":2,\"name\":\"Fiyat Listesi\"}]},{\"@type\":\"WebSite\",\"@id\":\"https:\/\/hanaluminyum.com.tr\/#website\",\"url\":\"https:\/\/hanaluminyum.com.tr\/\",\"name\":\"HAN Al\u00fcminyum\",\"description\":\"Ho\u015f Geldiniz,\",\"publisher\":{\"@id\":\"https:\/\/hanaluminyum.com.tr\/#organization\"},\"potentialAction\":[{\"@type\":\"SearchAction\",\"target\":{\"@type\":\"EntryPoint\",\"urlTemplate\":\"https:\/\/hanaluminyum.com.tr\/?s={search_term_string}\"},\"query-input\":{\"@type\":\"PropertyValueSpecification\",\"valueRequired\":true,\"valueName\":\"search_term_string\"}}],\"inLanguage\":\"tr\"},{\"@type\":\"Organization\",\"@id\":\"https:\/\/hanaluminyum.com.tr\/#organization\",\"name\":\"HAN Al\u00fcminyum\",\"url\":\"https:\/\/hanaluminyum.com.tr\/\",\"logo\":{\"@type\":\"ImageObject\",\"inLanguage\":\"tr\",\"@id\":\"https:\/\/hanaluminyum.com.tr\/#\/schema\/logo\/image\/\",\"url\":\"https:\/\/hanaluminyum.com.tr\/wp-content\/uploads\/2023\/10\/han-logo-yeni-1-PhotoRoom111.png\",\"contentUrl\":\"https:\/\/hanaluminyum.com.tr\/wp-content\/uploads\/2023\/10\/han-logo-yeni-1-PhotoRoom111.png\",\"width\":289,\"height\":117,\"caption\":\"HAN Al\u00fcminyum\"},\"image\":{\"@id\":\"https:\/\/hanaluminyum.com.tr\/#\/schema\/logo\/image\/\"},\"sameAs\":[\"https:\/\/www.facebook.com\/profile.php?id=61551691815223\",\"https:\/\/www.linkedin.com\/in\/hanaluminyum\/\",\"https:\/\/www.instagram.com\/hanaluminyum\/\"]}]}<\/script>\n<!-- \/ Yoast SEO plugin. -->","yoast_head_json":{"title":"Fiyat Listesi - HAN Al\u00fcminyum","robots":{"index":"index","follow":"follow","max-snippet":"max-snippet:-1","max-image-preview":"max-image-preview:large","max-video-preview":"max-video-preview:-1"},"canonical":"https:\/\/hanaluminyum.com.tr\/?page_id=1231","og_locale":"tr_TR","og_type":"article","og_title":"Fiyat Listesi - HAN Al\u00fcminyum","og_description":"TEL AL\u00dcM\u0130NYUM 80,00 \/ kg LEVHA ARA\u0130\u015e AL\u00dcM\u0130NYUM 74,00 \/ kg JANT AL\u00dcM\u0130NYUM 77,00\/ kg Jant Al\u00fcminyum 56.90 \/ kg PROF\u0130L AL\u00dcM\u0130NYUM (BOYASIZ) 72,00\/ kg TAS TABAK AL\u00dcM\u0130NYUM 69,00\/ kg SERT AL\u00dcM\u0130NYUM 59,00 \/ kg KUTU AL\u00dcM\u0130NYUM 55,00 \/ kg Al\u00fcminyum Klima Radyat\u00f6r\u00fc (Bak\u0131rl\u0131 Petek) 120,00\/ kg BOYASIZ LEVHA AL\u00dcM\u0130NYUM 68,00\/ kg OFSET MATBA AL\u00dcM\u0130NYUM [&hellip;]","og_url":"https:\/\/hanaluminyum.com.tr\/?page_id=1231","og_site_name":"HAN Al\u00fcminyum","article_publisher":"https:\/\/www.facebook.com\/profile.php?id=61551691815223","article_modified_time":"2024-11-20T06:56:46+00:00","og_image":[{"width":800,"height":800,"url":"https:\/\/hanaluminyum.com.tr\/wp-content\/uploads\/2023\/06\/aboutimage.jpg","type":"image\/jpeg"}],"twitter_card":"summary_large_image","twitter_misc":{"Tahmini okuma s\u00fcresi":"1 dakika"},"schema":{"@context":"https:\/\/schema.org","@graph":[{"@type":"WebPage","@id":"https:\/\/hanaluminyum.com.tr\/?page_id=1231","url":"https:\/\/hanaluminyum.com.tr\/?page_id=1231","name":"Fiyat Listesi - HAN Al\u00fcminyum","isPartOf":{"@id":"https:\/\/hanaluminyum.com.tr\/#website"},"primaryImageOfPage":{"@id":"https:\/\/hanaluminyum.com.tr\/?page_id=1231#primaryimage"},"image":{"@id":"https:\/\/hanaluminyum.com.tr\/?page_id=1231#primaryimage"},"thumbnailUrl":"https:\/\/hanaluminyum.com.tr\/wp-content\/uploads\/2023\/06\/aboutimage.jpg","datePublished":"2023-10-30T09:36:26+00:00","dateModified":"2024-11-20T06:56:46+00:00","breadcrumb":{"@id":"https:\/\/hanaluminyum.com.tr\/?page_id=1231#breadcrumb"},"inLanguage":"tr","potentialAction":[{"@type":"ReadAction","target":["https:\/\/hanaluminyum.com.tr\/?page_id=1231"]}]},{"@type":"ImageObject","inLanguage":"tr","@id":"https:\/\/hanaluminyum.com.tr\/?page_id=1231#primaryimage","url":"https:\/\/hanaluminyum.com.tr\/wp-content\/uploads\/2023\/06\/aboutimage.jpg","contentUrl":"https:\/\/hanaluminyum.com.tr\/wp-content\/uploads\/2023\/06\/aboutimage.jpg","width":800,"height":800},{"@type":"BreadcrumbList","@id":"https:\/\/hanaluminyum.com.tr\/?page_id=1231#breadcrumb","itemListElement":[{"@type":"ListItem","position":1,"name":"Anasayfa","item":"https:\/\/hanaluminyum.com.tr\/"},{"@type":"ListItem","position":2,"name":"Fiyat Listesi"}]},{"@type":"WebSite","@id":"https:\/\/hanaluminyum.com.tr\/#website","url":"https:\/\/hanaluminyum.com.tr\/","name":"HAN Al\u00fcminyum","description":"Ho\u015f Geldiniz,","publisher":{"@id":"https:\/\/hanaluminyum.com.tr\/#organization"},"potentialAction":[{"@type":"SearchAction","target":{"@type":"EntryPoint","urlTemplate":"https:\/\/hanaluminyum.com.tr\/?s={search_term_string}"},"query-input":{"@type":"PropertyValueSpecification","valueRequired":true,"valueName":"search_term_string"}}],"inLanguage":"tr"},{"@type":"Organization","@id":"https:\/\/hanaluminyum.com.tr\/#organization","name":"HAN Al\u00fcminyum","url":"https:\/\/hanaluminyum.com.tr\/","logo":{"@type":"ImageObject","inLanguage":"tr","@id":"https:\/\/hanaluminyum.com.tr\/#\/schema\/logo\/image\/","url":"https:\/\/hanaluminyum.com.tr\/wp-content\/uploads\/2023\/10\/han-logo-yeni-1-PhotoRoom111.png","contentUrl":"https:\/\/hanaluminyum.com.tr\/wp-content\/uploads\/2023\/10\/han-logo-yeni-1-PhotoRoom111.png","width":289,"height":117,"caption":"HAN Al\u00fcminyum"},"image":{"@id":"https:\/\/hanaluminyum.com.tr\/#\/schema\/logo\/image\/"},"sameAs":["https:\/\/www.facebook.com\/profile.php?id=61551691815223","https:\/\/www.linkedin.com\/in\/hanaluminyum\/","https:\/\/www.instagram.com\/hanaluminyum\/"]}]}},"_links":{"self":[{"href":"https:\/\/hanaluminyum.com.tr\/index.php?rest_route=\/wp\/v2\/pages\/1231","targetHints":{"allow":["GET"]}}],"collection":[{"href":"https:\/\/hanaluminyum.com.tr\/index.php?rest_route=\/wp\/v2\/pages"}],"about":[{"href":"https:\/\/hanaluminyum.com.tr\/index.php?rest_route=\/wp\/v2\/types\/page"}],"author":[{"embeddable":true,"href":"https:\/\/hanaluminyum.com.tr\/index.php?rest_route=\/wp\/v2\/users\/1"}],"replies":[{"embeddable":true,"href":"https:\/\/hanaluminyum.com.tr\/index.php?rest_route=%2Fwp%2Fv2%2Fcomments&post=1231"}],"version-history":[{"count":2,"href":"https:\/\/hanaluminyum.com.tr\/index.php?rest_route=\/wp\/v2\/pages\/1231\/revisions"}],"predecessor-version":[{"id":1293,"href":"https:\/\/hanaluminyum.com.tr\/index.php?rest_route=\/wp\/v2\/pages\/1231\/revisions\/1293"}],"wp:featuredmedia":[{"embeddable":true,"href":"https:\/\/hanaluminyum.com.tr\/index.php?rest_route=\/wp\/v2\/media\/9"}],"wp:attachment":[{"href":"https:\/\/hanaluminyum.com.tr\/index.php?rest_route=%2Fwp%2Fv2%2Fmedia&parent=1231"}],"curies":[{"name":"wp","href":"https:\/\/api.w.org\/{rel}","templated":true}]}}